{"id":138335,"date":"2024-05-02T14:51:59","date_gmt":"2024-05-02T14:51:59","guid":{"rendered":"https:\/\/samuelemoglia.metacomunicazioneadv.it\/?page_id=138335"},"modified":"2026-03-16T14:53:12","modified_gmt":"2026-03-16T14:53:12","slug":"sistema-cappotto","status":"publish","type":"page","link":"https:\/\/samuelemoglia.metacomunicazioneadv.it\/?page_id=138335","title":{"rendered":"Sistema Cappotto"},"content":{"rendered":"<div class=\"wpb-content-wrapper\"><p>[vc_row unlock_row_content=&#8221;yes&#8221; row_height_percent=&#8221;100&#8243; override_padding=&#8221;yes&#8221; h_padding=&#8221;0&#8243; top_padding=&#8221;0&#8243; bottom_padding=&#8221;0&#8243; overlay_alpha=&#8221;50&#8243; equal_height=&#8221;yes&#8221; gutter_size=&#8221;0&#8243; column_width_percent=&#8221;100&#8243; shift_y=&#8221;0&#8243; z_index=&#8221;0&#8243; inverted_device_order=&#8221;yes&#8221; content_parallax=&#8221;0&#8243; uncode_shortcode_id=&#8221;104152&#8243; back_color_type=&#8221;uncode-solid&#8221; el_class=&#8221;header-row&#8221; back_color_solid=&#8221;#9e3215&#8243;][vc_column column_width_percent=&#8221;100&#8243; position_vertical=&#8221;bottom&#8221; gutter_size=&#8221;3&#8243; override_padding=&#8221;yes&#8221; column_padding=&#8221;5&#8243; style=&#8221;dark&#8221; overlay_alpha=&#8221;50&#8243; shift_x=&#8221;0&#8243; shift_y=&#8221;0&#8243; shift_y_down=&#8221;0&#8243; z_index=&#8221;0&#8243; medium_width=&#8221;0&#8243; align_mobile=&#8221;align_center_mobile&#8221; mobile_width=&#8221;0&#8243; css_animation=&#8221;alpha-anim&#8221; animation_speed=&#8221;1000&#8243; width=&#8221;1\/2&#8243; uncode_shortcode_id=&#8221;505264&#8243;][vc_custom_heading text_size=&#8221;h1&#8243; text_weight=&#8221;500&#8243; text_transform=&#8221;uppercase&#8221; text_uppercase=&#8221;&#8221; text_align=&#8221;text-left&#8221; uncode_shortcode_id=&#8221;128418&#8243;]Sistema Cappotto[\/vc_custom_heading][vc_custom_heading heading_semantic=&#8221;h3&#8243; text_size=&#8221;h5&#8243; text_weight=&#8221;300&#8243; uncode_shortcode_id=&#8221;679091&#8243;]Il cappotto termico \u00e8 una delle soluzioni pi\u00f9 efficaci per migliorare comfort ed efficienza energetica della casa.<\/p>\n<p>Si tratta di un sistema di isolamento applicato sulle pareti esterne dell\u2019edificio che avvolge l\u2019abitazione come un vero e proprio \u201ccappotto\u201d, proteggendola dal freddo in inverno e dal caldo in estate.<\/p>\n<p>Grazie a pannelli isolanti e tecniche di posa specifiche, il cappotto termico riduce le dispersioni di calore e mantiene pi\u00f9 stabile la temperatura interna.[\/vc_custom_heading][vc_custom_heading text_size=&#8221;h1&#8243; text_weight=&#8221;500&#8243; text_transform=&#8221;uppercase&#8221; text_uppercase=&#8221;&#8221; text_align=&#8221;text-left&#8221; uncode_shortcode_id=&#8221;135888&#8243;]I VANTAGGI DEL CAPPOTTO TERMICO[\/vc_custom_heading][vc_custom_heading heading_semantic=&#8221;h3&#8243; text_size=&#8221;h5&#8243; text_weight=&#8221;300&#8243; uncode_shortcode_id=&#8221;104794&#8243;]<strong>Risparmio energetico<\/strong><br \/>\nRiduce in modo significativo le dispersioni termiche, permettendo un forte risparmio sui costi di riscaldamento e raffrescamento.<\/p>\n<p><strong>Maggiore comfort abitativo<\/strong><br \/>\nLa temperatura interna rimane pi\u00f9 stabile durante tutto l\u2019anno, con ambienti pi\u00f9 caldi in inverno e pi\u00f9 freschi in estate.<\/p>\n<p><strong>Ambienti pi\u00f9 salubri<\/strong><br \/>\nL\u2019isolamento delle pareti aiuta a ridurre condensa, umidit\u00e0 e formazione di muffe.<\/p>\n<p><strong>Miglioramento estetico<\/strong><br \/>\nL\u2019intervento consente anche di rinnovare completamente l\u2019aspetto della facciata.<\/p>\n<p><strong>Aumento del valore dell\u2019immobile<\/strong><br \/>\nUn edificio ben isolato \u00e8 pi\u00f9 efficiente, pi\u00f9 confortevole e pi\u00f9 apprezzato sul mercato immobiliare.[\/vc_custom_heading][\/vc_column][vc_column column_width_percent=&#8221;100&#8243; gutter_size=&#8221;3&#8243; back_image=&#8221;139578&#8243; back_position=&#8221;right bottom&#8221; overlay_alpha=&#8221;50&#8243; shift_x=&#8221;0&#8243; shift_y=&#8221;0&#8243; shift_y_down=&#8221;0&#8243; z_index=&#8221;0&#8243; medium_width=&#8221;0&#8243; mobile_width=&#8221;0&#8243; width=&#8221;1\/2&#8243; uncode_shortcode_id=&#8221;202338&#8243; mobile_height=&#8221;400&#8243;][\/vc_column][\/vc_row][vc_row unlock_row_content=&#8221;yes&#8221; row_height_percent=&#8221;60&#8243; override_padding=&#8221;yes&#8221; h_padding=&#8221;0&#8243; top_padding=&#8221;0&#8243; bottom_padding=&#8221;0&#8243; overlay_alpha=&#8221;50&#8243; gutter_size=&#8221;3&#8243; column_width_percent=&#8221;100&#8243; shift_y=&#8221;0&#8243; z_index=&#8221;0&#8243; content_parallax=&#8221;0&#8243; uncode_shortcode_id=&#8221;334221&#8243;][vc_column column_width_percent=&#8221;100&#8243; position_vertical=&#8221;middle&#8221; gutter_size=&#8221;3&#8243; expand_height=&#8221;yes&#8221; back_image=&#8221;139808&#8243; back_position=&#8221;left center&#8221; overlay_alpha=&#8221;50&#8243; shift_x=&#8221;0&#8243; shift_y=&#8221;0&#8243; shift_y_down=&#8221;0&#8243; z_index=&#8221;0&#8243; medium_width=&#8221;0&#8243; mobile_width=&#8221;0&#8243; width=&#8221;1\/2&#8243; uncode_shortcode_id=&#8221;157245&#8243;][\/vc_column][vc_column column_width_percent=&#8221;100&#8243; position_vertical=&#8221;middle&#8221; gutter_size=&#8221;3&#8243; override_padding=&#8221;yes&#8221; column_padding=&#8221;2&#8243; overlay_alpha=&#8221;50&#8243; shift_x=&#8221;0&#8243; shift_y=&#8221;0&#8243; shift_y_down=&#8221;0&#8243; z_index=&#8221;0&#8243; medium_width=&#8221;0&#8243; mobile_width=&#8221;0&#8243; width=&#8221;1\/2&#8243; uncode_shortcode_id=&#8221;936035&#8243;][vc_custom_heading text_size=&#8221;h1&#8243; text_weight=&#8221;500&#8243; text_transform=&#8221;uppercase&#8221; text_uppercase=&#8221;&#8221; text_align=&#8221;text-left&#8221; uncode_shortcode_id=&#8221;193214&#8243;]COME FUNZIONA[\/vc_custom_heading][vc_custom_heading heading_semantic=&#8221;h3&#8243; text_size=&#8221;h5&#8243; text_weight=&#8221;300&#8243; uncode_shortcode_id=&#8221;163835&#8243;]Il cappotto termico crea una barriera isolante che riduce il passaggio del calore attraverso le pareti.<\/p>\n<p>In inverno trattiene all\u2019interno il calore prodotto dall\u2019impianto di riscaldamento, mentre in estate limita il surriscaldamento causato dal sole.<\/p>\n<p>Il risultato \u00e8 una casa pi\u00f9 efficiente, con consumi energetici ridotti e un comfort abitativo nettamente superiore.[\/vc_custom_heading][vc_custom_heading text_size=&#8221;h1&#8243; text_weight=&#8221;500&#8243; text_transform=&#8221;uppercase&#8221; text_uppercase=&#8221;&#8221; text_align=&#8221;text-left&#8221; uncode_shortcode_id=&#8221;730838&#8243;]SOLUZIONI SU MISURA[\/vc_custom_heading][vc_custom_heading heading_semantic=&#8221;h3&#8243; text_size=&#8221;h5&#8243; text_weight=&#8221;300&#8243; uncode_shortcode_id=&#8221;593617&#8243;]Esistono diverse tipologie di cappotto termico, con materiali e caratteristiche differenti.<\/p>\n<p>La scelta della soluzione pi\u00f9 adatta dipende da vari fattori: tipologia dell\u2019edificio, condizioni strutturali, clima e obiettivi di efficienza energetica.<\/p>\n<p>L\u2019Impresa Edile Samuele Moglia realizza sistemi di isolamento a cappotto utilizzando materiali certificati e tecniche di posa professionali, per garantire prestazioni elevate e risultati duraturi.[\/vc_custom_heading][\/vc_column][\/vc_row][vc_row row_height_percent=&#8221;0&#8243; override_padding=&#8221;yes&#8221; h_padding=&#8221;2&#8243; top_padding=&#8221;4&#8243; bottom_padding=&#8221;4&#8243; overlay_alpha=&#8221;50&#8243; gutter_size=&#8221;3&#8243; column_width_percent=&#8221;100&#8243; shift_y=&#8221;0&#8243; z_index=&#8221;0&#8243; content_parallax=&#8221;0&#8243; uncode_shortcode_id=&#8221;134350&#8243; back_color_type=&#8221;uncode-solid&#8221; back_color_solid=&#8221;#ed7913&#8243;][vc_column column_width_percent=&#8221;100&#8243; gutter_size=&#8221;3&#8243; overlay_alpha=&#8221;50&#8243; shift_x=&#8221;0&#8243; shift_y=&#8221;0&#8243; shift_y_down=&#8221;0&#8243; z_index=&#8221;0&#8243; medium_width=&#8221;0&#8243; mobile_width=&#8221;0&#8243; width=&#8221;1\/1&#8243; uncode_shortcode_id=&#8221;184626&#8243;][uncode_vertical_text text_align=&#8221;top&#8221; vertical_text_h_pos=&#8221;-3&#8243; vertical_text_v_pos=&#8221;0&#8243; z_index=&#8221;0&#8243; text_weight=&#8221;500&#8243; text_transform=&#8221;uppercase&#8221; text_color=&#8221;color-xsdn&#8221; medium_visibility=&#8221;yes&#8221; mobile_visibility=&#8221;yes&#8221; uncode_shortcode_id=&#8221;685027&#8243; text_color_type=&#8221;uncode-palette&#8221;]CONTATTATCI SUBITO[\/uncode_vertical_text][vc_row_inner row_inner_height_percent=&#8221;0&#8243; overlay_alpha=&#8221;50&#8243; gutter_size=&#8221;4&#8243; shift_y=&#8221;0&#8243; z_index=&#8221;0&#8243; limit_content=&#8221;&#8221;][vc_column_inner column_width_percent=&#8221;100&#8243; gutter_size=&#8221;2&#8243; style=&#8221;dark&#8221; overlay_alpha=&#8221;50&#8243; shift_x=&#8221;0&#8243; shift_y=&#8221;0&#8243; shift_y_down=&#8221;0&#8243; z_index=&#8221;0&#8243; medium_width=&#8221;0&#8243; mobile_width=&#8221;0&#8243; width=&#8221;1\/2&#8243; uncode_shortcode_id=&#8221;122362&#8243;][vc_custom_heading text_color=&#8221;color-xsdn&#8221; heading_semantic=&#8221;h4&#8243; text_size=&#8221;&#8221; text_weight=&#8221;500&#8243; uncode_shortcode_id=&#8221;753139&#8243; text_color_type=&#8221;uncode-palette&#8221;]Sopralluogo gratuito e preventivo personalizzato!<\/p>\n<p>Insieme, possiamo rendere la tua casa pi\u00f9 efficiente, confortevole e sostenibile.<\/p>\n<hr \/>\n<p>[\/vc_custom_heading][\/vc_column_inner][vc_column_inner column_width_percent=&#8221;100&#8243; gutter_size=&#8221;3&#8243; override_padding=&#8221;yes&#8221; column_padding=&#8221;3&#8243; style=&#8221;dark&#8221; overlay_alpha=&#8221;50&#8243; shift_x=&#8221;0&#8243; shift_y=&#8221;0&#8243; shift_y_down=&#8221;0&#8243; z_index=&#8221;0&#8243; medium_visibility=&#8221;yes&#8221; medium_width=&#8221;0&#8243; mobile_visibility=&#8221;yes&#8221; mobile_width=&#8221;0&#8243; width=&#8221;1\/2&#8243; uncode_shortcode_id=&#8221;256661&#8243;][vc_custom_heading heading_semantic=&#8221;h3&#8243; text_size=&#8221;h5&#8243; text_weight=&#8221;300&#8243; uncode_shortcode_id=&#8221;619698&#8243;]L&#8217;Impresa Edile Samuele Moglia \u00e8 specializzata nell&#8217;isolamento di edifici civili.[\/vc_custom_heading][\/vc_column_inner][\/vc_row_inner][\/vc_column][\/vc_row]<\/p>\n<\/div>","protected":false},"excerpt":{"rendered":"<p>[vc_row unlock_row_content=&#8221;yes&#8221; row_height_percent=&#8221;100&#8243; override_padding=&#8221;yes&#8221; h_padding=&#8221;0&#8243; top_padding=&#8221;0&#8243; bottom_padding=&#8221;0&#8243; overlay_alpha=&#8221;50&#8243; equal_height=&#8221;yes&#8221; gutter_size=&#8221;0&#8243; column_width_percent=&#8221;100&#8243; shift_y=&#8221;0&#8243; z_index=&#8221;0&#8243; inverted_device_order=&#8221;yes&#8221; content_parallax=&#8221;0&#8243; uncode_shortcode_id=&#8221;104152&#8243; back_color_type=&#8221;uncode-solid&#8221; el_class=&#8221;header-row&#8221; back_color_solid=&#8221;#9e3215&#8243;][vc_column column_width_percent=&#8221;100&#8243; [&hellip;]<\/p>\n","protected":false},"author":1,"featured_media":0,"parent":0,"menu_order":0,"comment_status":"closed","ping_status":"closed","template":"","meta":{"footnotes":""},"class_list":["post-138335","page","type-page","status-publish","hentry","page_category-demo-shop"],"_links":{"self":[{"href":"https:\/\/samuelemoglia.metacomunicazioneadv.it\/index.php?rest_route=\/wp\/v2\/pages\/138335","targetHints":{"allow":["GET"]}}],"collection":[{"href":"https:\/\/samuelemoglia.metacomunicazioneadv.it\/index.php?rest_route=\/wp\/v2\/pages"}],"about":[{"href":"https:\/\/samuelemoglia.metacomunicazioneadv.it\/index.php?rest_route=\/wp\/v2\/types\/page"}],"author":[{"embeddable":true,"href":"https:\/\/samuelemoglia.metacomunicazioneadv.it\/index.php?rest_route=\/wp\/v2\/users\/1"}],"replies":[{"embeddable":true,"href":"https:\/\/samuelemoglia.metacomunicazioneadv.it\/index.php?rest_route=%2Fwp%2Fv2%2Fcomments&post=138335"}],"version-history":[{"count":6,"href":"https:\/\/samuelemoglia.metacomunicazioneadv.it\/index.php?rest_route=\/wp\/v2\/pages\/138335\/revisions"}],"predecessor-version":[{"id":139809,"href":"https:\/\/samuelemoglia.metacomunicazioneadv.it\/index.php?rest_route=\/wp\/v2\/pages\/138335\/revisions\/139809"}],"wp:attachment":[{"href":"https:\/\/samuelemoglia.metacomunicazioneadv.it\/index.php?rest_route=%2Fwp%2Fv2%2Fmedia&parent=138335"}],"curies":[{"name":"wp","href":"https:\/\/api.w.org\/{rel}","templated":true}]}}